- 9561 = -69144. Is k a prime number?
False
Let h(p) = 1350*p**2 + 11*p - 16. Let k(a) = 270*a**2 + 2*a - 3. Let c(v) = 2*h(v) - 11*k(v). Let t be c(-1). Let r = t - -402. Is r composite?
True
Let c be 30/25*15/9. Suppose 4*u + 1305 = 5*k, 4*k - 1055 = c*u - u. Is k a composite number?
True
Suppose -5*a + 4*a + 2 = 0. Suppose 5 = -u + 2*o, -a*u + 30 = 3*o + o. Suppose -u*h - 697 = -0*m - 2*m, -h = 1. Is m a prime number?
False
Let r = -12 - -16. Suppose -6 = 2*z - r*z. Suppose 4*i = z*f - 65, f + 28 = 3*f + 5*i. Is f composite?
False
Suppose 2*p = 4*o - 2*p - 28, -2*p = -5*o + 20. Let d be (o/3)/(2/294). Is (-1)/((10/d)/(-5)) composite?
True
Let l = 13 + -29. Let b be 1 + -3*l/12. Suppose 0*n + 3*n - 910 = -4*o, 0 = 4*o + b*n - 914. Is o a prime number?
False
Suppose -2*n + 18252 = 4*u, 19 = -3*u + 25. Is n a composite number?
True
Let x(u) = u**3 + 6*u - 2*u - 4*u**2 - 3*u - 1. Is x(6) prime?
False
Is 11/(-33) + 86385/9 + 1 a composite number?
True
Let q be (-5307)/(-12) + (-3)/12. Suppose 4*i = -9*i + q. Is i composite?
True
Let w(s) = 9*s - 12 + 2 + 3*s + 20*s. Is w(3) a composite number?
True
Let v be 4 - (-3)/(3/7). Is (-92549)/(-209) + 2/v a prime number?
True
Let v(g) = 24*g - 9. Let q(h) = 24*h - 9. Let u(p) = 5*q(p) - 6*v(p). Let z be u(-12). Suppose -d = 2*l - z, -103 = -d + 3*l + 184. Is d prime?
True
Let a be -2*89 - (-11)/(-11). Let j = -121 - a. Is j a composite number?
True
Let b = -26794 + 48663. Is b prime?
False
Let r(x) = -7171*x + 5. Let h be r(-3). Suppose -17*g = -31*g + h. Is g prime?
False
Let a = -25777 - -42062. Is a composite?
True
Let i = 188 - 180. Let w(k) be the second derivative of k**5/20 - 7*k**4/12 - 9*k**2/2 + k. Is w(i) a prime number?
False
Let w(b) = b + 4. Let p be w(-5). Suppose 0 = 9*r - 4*r - 1045. Is -1 + r + p + 4 prime?
True
Let c be 294 - -43 - (-6)/(0 - -2). Suppose 40 = 5*x - 0*x - 5*r, 3*r + 9 = -2*x. Suppose -c = -x*f - f. Is f a prime number?
False
Suppose 2*d + f - 562 = 4*f, 0 = -4*d - 4*f + 1084. Suppose 0 = x + 5, 0*n = 4*n - 3*x - d. Is n prime?
False
Suppose -6 = -2*u, 2*g + g - 4*u = 18. Suppose -c + g = c. Suppose -t = -c - 62. Is t composite?
False
Suppose s + 3*s = i + 4897, 0 = -s - 5*i + 1219. Suppose 6*y - 2*y = -s. Let z = y + 433. Is z prime?
True
Suppose -4*o - 25 = -9*o, -z - 2*o + 1670 = 0. Let k(c) = -75*c - 1. Let d be k(-12). Let a = z - d. Is a a composite number?
False
Suppose -3*z + 24*d + 138909 = 27*d, -138905 = -3*z - d. Is z a composite number?
False
Let l(m) = 2*m + 0 + 14 + m**2 + 0*m. Is l(6) prime?
False
Let a = -182 + 338. Is 1/(-6)*-1841 + 26/a composite?
False
Is 3170*4*(-8)/(-160) prime?
False
Suppose 2*k - 9 = 5*k, -3*h - k + 4902 = 0. Is ((-13)/(-3))/(5/h) a composite number?
True
Let a(w) be the second derivative of w**5/20 - 4*w**4/3 + 7*w**3/2 - 13*w**2/2 + 22*w. Is a(15) prime?
False
Let y = -1231 - -3840. Is y a prime number?
True
Let z(h) = 11*h - 8. Let r(c) = 81*c - 69. Let f(d) = -82*d + 68. Let o(l) = -6*f(l) - 5*r(l). Let b(i) = -4*o(i) + 33*z(i). Is b(9) a composite number?
True
Suppose 24483 = 39*t + 5802. Is t a composite number?
False
Let w be (3/(-12))/(-1) + (-2)/8. Suppose 9*z - 979 - 1334 = w. Is z prime?
True
Suppose 5*j - 455 = -5*x, -5 = 4*j - 21. Is x prime?
False
Let q(r) = -2*r + 8. Let a be q(9). Let w be -12*(a/8 - -1). Suppose y - 2*d + 123 = 2*y, 12 = -w*d. Is y a composite number?
False
Suppose 27*g + 9*g = 60948. Is g prime?
True
Let w be (-1)/2 - (-259)/(-2). Let h = 288 + w. Is h composite?
True
Suppose -x - v - 5 = 2, -3*x - 2*v - 21 = 0. Let m(k) = 14*k**2 - 4*k + 3. Is m(x) prime?
False
Is (-10)/15 + (-20)/6 + 7513 a prime number?
False
Suppose 2*i = 3*d + 214 + 202, -i = -5*d - 705. Let o = d - -885. Is o a prime number?
True
Let i(s) = 90*s**3 - 3*s**2 + 17*s - 115. Is i(6) composite?
False
Suppose -z - 5*b - 12 = 0, -3*z = z - 4*b + 24. Let s = 78 - z. Is s a prime number?
False
Let u(i) = -26*i - 19. Suppose -5*s - 35 = 2*b, -b = -3*s - 25 + 4. Is u(s) a composite number?
False
Let i(y) = -138*y - 1. Let j(a) be the first derivative of -3*a**2/2 + 6*a + 5. Let t be j(3). Is i(t) a composite number?
True
Suppose 0 = 9*d - 131 + 86. Let m(s) = -s + 1. Let v(i) = -7*i. Let a(y) = -5*m(y) - v(y). Is a(d) a prime number?
False
Let c(w) = -337*w**3 + w**2 - 5*w - 6. Is c(-1) prime?
True
Let r be 2451/(-2)*48/(-24). Suppose 4*o = -2*j + 4914, 2*o = j - 2*o - r. Is j composite?
True
Let k be (-12)/60 - 1326/(-5). Let m(d) = d**2 + 4*d + 1. Let t be m(-5). Suppose -i - k = -t*i. Is i composite?
False
Let y(x) = 945*x + 97. Is y(10) a composite number?
False
Let y = -16244 + 28617. Is (-3)/12*(-7 - y) a composite number?
True
Let l be (6 - -91) + (-1 - 2). Let b = l - -124. Is (b/(-3))/(16/(-24)) a prime number?
True
Let c(q) = 3*q - 21. Let b = 12 - 17. Let y(s) = s - 10. Let j(r) = b*y(r) + 3*c(r). Is j(11) a prime number?
True
Let y(i) = 57*i - 5. Suppose 3*z = 5*s + 5, 0*s - 9 = -3*z + 3*s. Suppose -z*n = -20, -2*g - 3*g = 5*n - 40. Is y(g) a prime number?
True
Let g be -2 + -13 + 1841 + (-1 - 0). Suppose -4*k + j + 0*j = -24, -29 = -5*k + j. Suppose -1399 = -5*a + 4*t + 444, 0 = k*a + 5*t - g. Is a prime?
True
Let g(y) = -437*y + 11. Is g(-6) prime?
True
Let m(o) = -3*o**2 - o. Let h be m(-2). Let s(r) = -r**3 - 10*r**2 + 3. Let z be s(h). Suppose 0 = 3*p + 2*k - 333, -z*k - 238 = -2*p + k. Is p a prime number?
True
Let z(c) = -c**2 - 10 + 10 - 4 + 41*c - 13. Is z(21) a prime number?
False
Let t = 895 + -312. Is t a composite number?
True
Let s(g) = -10*g**2 - 24*g + 40 - g**3 + 17*g**2 + 21*g**2. Is s(27) a composite number?
True
Suppose -5*f - 5*v = 20, -4*f - 5*v = 18 + 2. Suppose f*y + 3*y = 6. Suppose 81 - 312 = -3*q + y*g, 0 = -2*q + 5*g + 143. Is q a prime number?
True
Suppose p - 3*p - 3*k - 48 = 0, 5*p - k = -137. Let g be (-20)/9 + (-6)/p. Is (1 + g)/(3/(-573)) composite?
False
Suppose -3*w + 5*v - 1469 = 0, v - 2419 = -2*w + 7*w. Suppose -20 = -5*t + u, 4*t - u - 16 - 1 = 0. Is (t/3)/((-3)/w) a composite number?
True
Is ((-14)/3)/((-68296)/(-17076) - 4) prime?
False
Suppose w + 28085 = 6*w. Is w a prime number?
False
Suppose 0 = -12*x + 28*x - 107888. Is x a composite number?
True
Let g(z) = -2*z**2 + 3*z + 5. Let i be g(-4). Let p be ((-166)/5)/(2/(-20)). Let s = p + i. Is s a prime number?
True
Let j(u) be the third derivative of -u**6/120 - 2*u**5/15 + u**4/3 - 11*u**3/6 + 4*u**2. Let d be j(-10). Suppose -d = -3*s + 653. Is s a composite number?
True
Is 2*18/27*(-38343)/(-4) composite?
False
Suppose -2*u - 2*r + 1264 = 76, 0 = u - 3*r - 578. Suppose 4*s = 9*s - u. Is s a composite number?
True
Let b be 2*1 + 14 + -5 + 0. Let z(o) = 14*o + 6*o - 14*o - 11. Is z(b) composite?
True
Suppose 0 = r + 3*u - 3424, 0 = -0*r + r - 3*u - 3430. Is r prime?
False
Suppose 5*u + 2*h - 14 = 0, -5*h + 3 = -2*u - 3. Suppose -u*s = 2*s - 12. Suppose -5*g = p - 290, -5*g = -s*p + 2*p + 300. Is p a prime number?
False
Let b(u) = 7695*u - 26. Is b(1) prime?
True
Let r(l) = 264*l**2 - 3. Suppose 5*v - 16 = -4*t + 10, 5*v - 2*t - 2 = 0. Let g(z) = -264*z**2 + 4. Let x(s) = v*g(s) + 3*r(s). Is x(-1) composite?
False
Suppose -2*q - 3890 = -2*k, 3*k + 8*q = 5*q + 5859. Is k composite?
False
Let d = -4044 - -10805. Is d prime?
True
Let z = 5491 - 732. Is z a composite number?
False
Let k be (-10771)/(-9) - (-14)/63. Let i = k - 610. Is i a prime number?
True
Suppose 4*t + 4*u = 24, u = 3*t + 3*u - 21. Let f = t + 8. Suppose f*m - 335 = 12*m. Is m composite?
False
Suppose 4*o - 139 = 5*a + 293, -5*o = -2*a - 183. Let w = 1042 + a. Is w composite?
True
Let n = 174 + 45. Let q be (110/33)/((-2)/(-3)). Suppose -n + 44 = -q*i. Is i a composite number?
True
Let a(g) = -g**3 - g**2 - 2*g + 1844. Let q be a(0). Suppose -l + 9420 = 4*l. Suppose -3*m = -3*x - l, -3*x - q = -3*m - 8*x. Is m prime?
False
Let j = -5220 + 13705. Is j a composite number?
True
Suppose 13 = 5*u - 2*j - 6, -j + 13 = 5*u. Suppose -770 = -u*q + 2815. Is q prime?
False
Let d(z) = 63*z**2 + 3*z - 5. Suppose 10*m - 13*m = -6. Is d(m) a composite number?
True
Let h = 60276 - -88207. Is h prime?
True
Suppose -t = 2*t. Suppose 3*m + 4*f + 13 = t, 3*f = -2*f - 5. Is m/(4*-3)*28 prime?
True
Let u = 626 + -61. Is u prime?
False
Let z = -3929 + 7084. Is z a prime number?
Fal